[INFO] fetching crate parse-monitors 0.2.2...
[INFO] checking parse-monitors-0.2.2 against master#e6e4f7ed1589e03bc2f6c5931c1a72e7947e8682 for beta-170-4
[INFO] extracting crate parse-monitors 0.2.2 into /workspace/builds/worker-3-tc2/source
[INFO] validating manifest of crates.io crate parse-monitors 0.2.2 on toolchain e6e4f7ed1589e03bc2f6c5931c1a72e7947e8682
[INFO] running `Command { std: CARGO_HOME="/workspace/cargo-home" RUSTUP_HOME="/workspace/rustup-home" "/workspace/cargo-home/bin/cargo" "+e6e4f7ed1589e03bc2f6c5931c1a72e7947e8682" "metadata" "--manifest-path" "Cargo.toml" "--no-deps", kill_on_drop: false }`
[INFO] started tweaking crates.io crate parse-monitors 0.2.2
[INFO] finished tweaking crates.io crate parse-monitors 0.2.2
[INFO] tweaked toml for crates.io crate parse-monitors 0.2.2 written to /workspace/builds/worker-3-tc2/source/Cargo.toml
[INFO] crate crates.io crate parse-monitors 0.2.2 already has a lockfile, it will not be regenerated
[INFO] running `Command { std: CARGO_HOME="/workspace/cargo-home" RUSTUP_HOME="/workspace/rustup-home" "/workspace/cargo-home/bin/cargo" "+e6e4f7ed1589e03bc2f6c5931c1a72e7947e8682" "fetch" "--manifest-path" "Cargo.toml", kill_on_drop: false }`
[INFO] running `Command { std: "docker" "create" "-v" "/var/lib/crater-agent-workspace/builds/worker-3-tc2/target:/opt/rustwide/target:rw,Z" "-v" "/var/lib/crater-agent-workspace/builds/worker-3-tc2/source:/opt/rustwide/workdir:ro,Z" "-v" "/var/lib/crater-agent-workspace/cargo-home:/opt/rustwide/cargo-home:ro,Z" "-v" "/var/lib/crater-agent-workspace/rustup-home:/opt/rustwide/rustup-home:ro,Z" "-e" "SOURCE_DIR=/opt/rustwide/workdir" "-e" "CARGO_TARGET_DIR=/opt/rustwide/target" "-e" "CARGO_HOME=/opt/rustwide/cargo-home" "-e" "RUSTUP_HOME=/opt/rustwide/rustup-home" "-w" "/opt/rustwide/workdir" "-m" "1610612736" "--user" "0:0" "--network" "none" "ghcr.io/rust-lang/crates-build-env/linux@sha256:19e73879b68f455e41552ea35293514db52ea292d993f571636dbffedb77a1ee" "/opt/rustwide/cargo-home/bin/cargo" "+e6e4f7ed1589e03bc2f6c5931c1a72e7947e8682" "metadata" "--no-deps" "--format-version=1", kill_on_drop: false }`
[INFO] [stdout] 7616a3700ad80ee3393aff451e44b10049e89b46c0d114488cf3e916f427a442
[INFO] running `Command { std: "docker" "start" "-a" "7616a3700ad80ee3393aff451e44b10049e89b46c0d114488cf3e916f427a442", kill_on_drop: false }`
[INFO] running `Command { std: "docker" "inspect" "7616a3700ad80ee3393aff451e44b10049e89b46c0d114488cf3e916f427a442", kill_on_drop: false }`
[INFO] running `Command { std: "docker" "rm" "-f" "7616a3700ad80ee3393aff451e44b10049e89b46c0d114488cf3e916f427a442", kill_on_drop: false }`
[INFO] [stdout] 7616a3700ad80ee3393aff451e44b10049e89b46c0d114488cf3e916f427a442
[INFO] running `Command { std: "docker" "create" "-v" "/var/lib/crater-agent-workspace/builds/worker-3-tc2/target:/opt/rustwide/target:rw,Z" "-v" "/var/lib/crater-agent-workspace/builds/worker-3-tc2/source:/opt/rustwide/workdir:ro,Z" "-v" "/var/lib/crater-agent-workspace/cargo-home:/opt/rustwide/cargo-home:ro,Z" "-v" "/var/lib/crater-agent-workspace/rustup-home:/opt/rustwide/rustup-home:ro,Z" "-e" "SOURCE_DIR=/opt/rustwide/workdir" "-e" "CARGO_TARGET_DIR=/opt/rustwide/target" "-e" "CARGO_INCREMENTAL=0" "-e" "RUST_BACKTRACE=full" "-e" "RUSTFLAGS=--cap-lints=forbid" "-e" "RUSTDOCFLAGS=--cap-lints=forbid" "-e" "CARGO_HOME=/opt/rustwide/cargo-home" "-e" "RUSTUP_HOME=/opt/rustwide/rustup-home" "-w" "/opt/rustwide/workdir" "-m" "1610612736" "--user" "0:0" "--network" "none" "ghcr.io/rust-lang/crates-build-env/linux@sha256:19e73879b68f455e41552ea35293514db52ea292d993f571636dbffedb77a1ee" "/opt/rustwide/cargo-home/bin/cargo" "+e6e4f7ed1589e03bc2f6c5931c1a72e7947e8682" "check" "--frozen" "--all" "--all-targets" "--message-format=json", kill_on_drop: false }`
[INFO] [stdout] 3ee941075d0955c12e8476cd97eb8365cbc4cc8ff8831c832dbc6b50f7021914
[INFO] running `Command { std: "docker" "start" "-a" "3ee941075d0955c12e8476cd97eb8365cbc4cc8ff8831c832dbc6b50f7021914", kill_on_drop: false }`
[INFO] [stderr]    Compiling libc v0.2.137
[INFO] [stderr]    Compiling proc-macro2 v1.0.47
[INFO] [stderr]    Compiling unicode-ident v1.0.5
[INFO] [stderr]    Compiling quote v1.0.21
[INFO] [stderr]    Compiling syn v1.0.103
[INFO] [stderr]    Compiling libm v0.2.5
[INFO] [stderr]    Compiling num-traits v0.2.15
[INFO] [stderr]    Compiling num-integer v0.1.45
[INFO] [stderr]    Compiling serde_derive v1.0.147
[INFO] [stderr]    Compiling memchr v2.5.0
[INFO] [stderr]    Compiling serde v1.0.147
[INFO] [stderr]    Compiling version_check v0.9.4
[INFO] [stderr]     Checking static_assertions v1.1.0
[INFO] [stderr]     Checking lexical-util v0.8.5
[INFO] [stderr]     Checking byteorder v1.4.3
[INFO] [stderr]     Checking lazy_static v1.4.0
[INFO] [stderr]    Compiling num-bigint v0.4.3
[INFO] [stderr]     Checking num_cpus v1.13.1
[INFO] [stderr]     Checking getrandom v0.2.8
[INFO] [stderr]    Compiling jobserver v0.1.25
[INFO] [stderr]    Compiling thiserror v1.0.37
[INFO] [stderr]    Compiling crossbeam-utils v0.8.12
[INFO] [stderr]    Compiling memoffset v0.6.5
[INFO] [stderr]     Checking lexical-write-integer v0.8.5
[INFO] [stderr]    Compiling cc v1.0.74
[INFO] [stderr]     Checking lexical-parse-integer v0.8.6
[INFO] [stderr]     Checking time v0.1.44
[INFO] [stderr]    Compiling num-rational v0.4.1
[INFO] [stderr]     Checking num-complex v0.4.2
[INFO] [stderr]    Compiling crossbeam-epoch v0.9.11
[INFO] [stderr]     Checking ryu v1.0.11
[INFO] [stderr]     Checking regex-automata v0.1.10
[INFO] [stderr]     Checking lexical-parse-float v0.8.5
[INFO] [stderr]     Checking lexical-write-float v0.8.5
[INFO] [stderr]     Checking csv-core v0.1.10
[INFO] [stderr]    Compiling num-iter v0.1.43
[INFO] [stderr]     Checking scopeguard v1.1.0
[INFO] [stderr]     Checking itoa v0.4.8
[INFO] [stderr]    Compiling rayon-core v1.9.3
[INFO] [stderr]     Checking aho-corasick v0.7.19
[INFO] [stderr]     Checking regex-syntax v0.6.27
[INFO] [stderr]     Checking iana-time-zone v0.1.53
[INFO] [stderr]     Checking lexical-core v0.8.5
[INFO] [stderr]     Checking chrono v0.4.22
[INFO] [stderr]     Checking crossbeam-deque v0.8.2
[INFO] [stderr]     Checking crossbeam-channel v0.5.6
[INFO] [stderr]     Checking atty v0.2.14
[INFO] [stderr]    Compiling rayon v1.5.3
[INFO] [stderr]     Checking either v1.8.0
[INFO] [stderr]     Checking strength_reduce v0.2.3
[INFO] [stderr]     Checking unicode-width v0.1.10
[INFO] [stderr]    Compiling zstd-sys v1.6.3+zstd.1.5.2
[INFO] [stderr]     Checking rand_core v0.6.4
[INFO] [stderr]    Compiling log v0.4.17
[INFO] [stderr]    Compiling anyhow v1.0.66
[INFO] [stderr]     Checking ppv-lite86 v0.2.16
[INFO] [stderr]    Compiling crc32fast v1.3.2
[INFO] [stderr]    Compiling proc-macro-error-attr v1.0.4
[INFO] [stderr]    Compiling indexmap v1.9.1
[INFO] [stderr]     Checking num v0.4.0
[INFO] [stderr]    Compiling pkg-config v0.3.26
[INFO] [stderr]     Checking bitflags v1.3.2
[INFO] [stderr]     Checking adler v1.0.2
[INFO] [stderr]     Checking rand_chacha v0.3.1
[INFO] [stderr]     Checking miniz_oxide v0.5.4
[INFO] [stderr]     Checking rand v0.8.5
[INFO] [stderr]    Compiling lz4-sys v1.9.4
[INFO] [stderr]    Compiling proc-macro-error v1.0.4
[INFO] [stderr]     Checking hashbrown v0.12.3
[INFO] [stderr]    Compiling serde_json v1.0.87
[INFO] [stderr]    Compiling bzip2-sys v0.1.11+1.0.8
[INFO] [stderr]     Checking regex v1.6.0
[INFO] [stderr]     Checking alloc-no-stdlib v2.0.4
[INFO] [stderr]    Compiling unicode-segmentation v1.10.0
[INFO] [stderr]    Compiling zstd-safe v4.1.6+zstd.1.5.2
[INFO] [stderr]     Checking bytemuck v1.12.1
[INFO] [stderr]     Checking safe_arch v0.6.0
[INFO] [stderr]    Compiling heck v0.3.3
[INFO] [stderr]     Checking alloc-stdlib v0.2.2
[INFO] [stderr]     Checking flate2 v1.0.24
[INFO] [stderr]     Checking itertools v0.10.5
[INFO] [stderr]     Checking ordered-float v1.1.1
[INFO] [stderr]     Checking threadpool v1.8.1
[INFO] [stderr]     Checking iter-read v0.3.1
[INFO] [stderr]     Checking integer-encoding v1.1.7
[INFO] [stderr]     Checking itoa v1.0.4
[INFO] [stderr]     Checking smallvec v1.10.0
[INFO] [stderr]    Compiling snap v1.0.5
[INFO] [stderr]    Compiling typenum v1.15.0
[INFO] [stderr]     Checking thrift v0.13.0
[INFO] [stderr]     Checking wide v0.7.5
[INFO] [stderr]     Checking brotli-decompressor v2.3.2
[INFO] [stderr]     Checking textwrap v0.11.0
[INFO] [stderr]     Checking approx v0.5.1
[INFO] [stderr]     Checking terminal_size v0.1.17
[INFO] [stderr]    Compiling parquet v10.0.0
[INFO] [stderr]     Checking hex v0.4.3
[INFO] [stderr]     Checking strsim v0.8.0
[INFO] [stderr]     Checking ansi_term v0.12.1
[INFO] [stderr]     Checking vec_map v0.8.2
[INFO] [stderr]     Checking half v1.8.2
[INFO] [stderr]     Checking rawpointer v0.2.1
[INFO] [stderr]    Compiling paste v1.0.9
[INFO] [stderr]     Checking matrixmultiply v0.3.2
[INFO] [stderr]     Checking clap v2.34.0
[INFO] [stderr]     Checking parquet-format v4.0.0
[INFO] [stderr]     Checking num-bigint v0.3.3
[INFO] [stderr]     Checking brotli v3.3.4
[INFO] [stderr]     Checking rand_distr v0.4.3
[INFO] [stderr]     Checking transpose v0.2.1
[INFO] [stderr]    Compiling triangle-rs v0.1.2
[INFO] [stderr]     Checking simba v0.7.2
[INFO] [stderr]     Checking primal-check v0.3.3
[INFO] [stderr]     Checking memchr v1.0.2
[INFO] [stderr]    Compiling colorous v1.0.8
[INFO] [stderr]     Checking base64 v0.13.1
[INFO] [stderr]     Checking nom v3.2.1
[INFO] [stderr]     Checking rustfft v6.0.1
[INFO] [stderr]     Checking console v0.15.2
[INFO] [stderr]     Checking humantime v2.1.0
[INFO] [stderr]     Checking termcolor v1.1.3
[INFO] [stderr]     Checking number_prefix v0.4.0
[INFO] [stderr]     Checking skyangle v0.1.2
[INFO] [stderr]     Checking indicatif v0.16.2
[INFO] [stderr]     Checking env_logger v0.9.1
[INFO] [stderr]     Checking linya v0.3.0
[INFO] [stderr]     Checking strum v0.22.0
[INFO] [stderr]     Checking glob v0.3.0
[INFO] [stderr]    Compiling ahash v0.7.6
[INFO] [stderr]     Checking dirs v1.0.5
[INFO] [stderr]     Checking streaming-iterator v0.1.8
[INFO] [stderr]     Checking simdutf8 v0.1.4
[INFO] [stderr]     Checking hash_hasher v2.0.3
[INFO] [stderr]     Checking once_cell v1.16.0
[INFO] [stderr]     Checking term v0.5.2
[INFO] [stderr]     Checking encode_unicode v0.3.6
[INFO] [stderr]    Compiling thiserror-impl v1.0.37
[INFO] [stderr]    Compiling multiversion-macros v0.6.1
[INFO] [stderr]    Compiling nalgebra-macros v0.1.0
[INFO] [stderr]    Compiling structopt-derive v0.4.18
[INFO] [stderr]    Compiling strum_macros v0.22.0
[INFO] [stderr]     Checking flatbuffers v2.1.1
[INFO] [stderr]     Checking multiversion v0.6.1
[INFO] [stderr]     Checking geotrans v0.2.2
[INFO] [stderr]     Checking hashbrown v0.11.2
[INFO] [stderr]     Checking dirs-sys v0.3.7
[INFO] [stderr]     Checking unsafe_unwrap v0.1.0
[INFO] [stderr]     Checking dirs v4.0.0
[INFO] [stderr]     Checking lexical v6.1.1
[INFO] [stderr]     Checking memmap2 v0.5.7
[INFO] [stderr]     Checking structopt v0.3.26
[INFO] [stderr]     Checking welch-sde v0.1.0
[INFO] [stderr]     Checking bzip2 v0.4.3
[INFO] [stderr]     Checking zip v0.5.13
[INFO] [stderr]     Checking npyz v0.6.1
[INFO] [stderr]     Checking nalgebra v0.31.2
[INFO] [stderr]     Checking bstr v0.2.17
[INFO] [stderr]     Checking csv v1.1.6
[INFO] [stderr]     Checking bincode v1.3.3
[INFO] [stderr]     Checking serde-pickle v1.1.1
[INFO] [stderr]     Checking serde-pickle v0.6.3
[INFO] [stderr]     Checking arrow2 v0.8.2
[INFO] [stderr]     Checking arrow v10.0.0
[INFO] [stderr]     Checking prettytable-rs v0.8.0
[INFO] [stderr]     Checking lz4 v1.24.0
[INFO] [stderr]     Checking polars-arrow v0.18.0
[INFO] [stderr]     Checking polars-core v0.18.0
[INFO] [stderr]     Checking polars-io v0.18.0
[INFO] [stderr]     Checking polars-lazy v0.18.0
[INFO] [stderr]     Checking polars v0.18.0
[INFO] [stderr]     Checking zstd v0.10.2+zstd.1.5.2
[INFO] [stderr]     Checking gmt-lom v1.0.1
[INFO] [stderr]     Checking parse-monitors v0.2.2 (/opt/rustwide/workdir)
[INFO] [stdout] warning: unused imports: `Build`, `PowerSpectrum`
[INFO] [stdout]   --> src/monitors/reports.rs:14:17
[INFO] [stdout]    |
[INFO] [stdout] 14 | use welch_sde::{Build, PowerSpectrum};
[INFO] [stdout]    |                 ^^^^^  ^^^^^^^^^^^^^
[INFO] [stdout]    |
[INFO] [stdout]    = note: `#[warn(unused_imports)]` on by default
[INFO] [stdout] 
[INFO] [stdout] 
[INFO] [stdout] warning: unused imports: `Build`, `PowerSpectrum`
[INFO] [stdout]   --> src/monitors/reports.rs:14:17
[INFO] [stdout]    |
[INFO] [stdout] 14 | use welch_sde::{Build, PowerSpectrum};
[INFO] [stdout]    |                 ^^^^^  ^^^^^^^^^^^^^
[INFO] [stdout]    |
[INFO] [stdout]    = note: `#[warn(unused_imports)]` on by default
[INFO] [stdout] 
[INFO] [stdout] 
[INFO] [stdout] warning: 1 warning emitted
[INFO] [stdout] 
[INFO] [stdout] 
[INFO] [stdout] warning: 1 warning emitted
[INFO] [stdout] 
[INFO] [stdout] 
[INFO] [stdout] warning: unused import: `error::Error`
[INFO] [stdout]  --> src/bin/cfd_report.rs:6:11
[INFO] [stdout]   |
[INFO] [stdout] 6 | use std::{error::Error, sync::Arc, time::Instant};
[INFO] [stdout]   |           ^^^^^^^^^^^^
[INFO] [stdout]   |
[INFO] [stdout]   = note: `#[warn(unused_imports)]` on by default
[INFO] [stdout] 
[INFO] [stdout] 
[INFO] [stdout] error[E0433]: failed to resolve: use of undeclared crate or module `plotters`
[INFO] [stdout]  --> src/bin/telescope-pressure.rs:4:5
[INFO] [stdout]   |
[INFO] [stdout] 4 | use plotters::prelude::*;
[INFO] [stdout]   |     ^^^^^^^^ use of undeclared crate or module `plotters`
[INFO] [stdout] 
[INFO] [stdout] 
[INFO] [stdout] error[E0433]: failed to resolve: use of undeclared crate or module `plotters`
[INFO] [stdout]  --> src/bin/telescope-pressure.rs:3:5
[INFO] [stdout]   |
[INFO] [stdout] 3 | use plotters::element::Cubiod;
[INFO] [stdout]   |     ^^^^^^^^ use of undeclared crate or module `plotters`
[INFO] [stdout] 
[INFO] [stdout] 
[INFO] [stdout] error[E0432]: unresolved import `plotters::element::Cubiod`
[INFO] [stdout]  --> src/bin/telescope-pressure.rs:3:5
[INFO] [stdout]   |
[INFO] [stdout] 3 | use plotters::element::Cubiod;
[INFO] [stdout]   |     ^^^^^^^^^^^^^^^^^^^^^^^^^
[INFO] [stdout] 
[INFO] [stdout] 
[INFO] [stdout] error[E0432]: unresolved import `parse_monitors::plot_monitor`
[INFO] [stdout]  --> src/bin/batch_analysis.rs:2:37
[INFO] [stdout]   |
[INFO] [stdout] 2 | use parse_monitors::{cfd::Baseline, plot_monitor, MonitorsLoader};
[INFO] [stdout]   |                                     ^^^^^^^^^^^^ no `plot_monitor` in the root
[INFO] [stdout] 
[INFO] [stdout] 
[INFO] [stdout] error[E0433]: failed to resolve: use of undeclared crate or module `complot`
[INFO] [stdout]   --> src/bin/main.rs:87:20
[INFO] [stdout]    |
[INFO] [stdout] 87 |         let plot = complot::Config::new()
[INFO] [stdout]    |                    ^^^^^^^ use of undeclared crate or module `complot`
[INFO] [stdout] 
[INFO] [stdout] 
[INFO] [stdout] error[E0433]: failed to resolve: use of undeclared crate or module `complot`
[INFO] [stdout]   --> src/bin/main.rs:89:20
[INFO] [stdout]    |
[INFO] [stdout] 89 |             .xaxis(complot::Axis::new().label("Time [s]"))
[INFO] [stdout]    |                    ^^^^^^^ use of undeclared crate or module `complot`
[INFO] [stdout] 
[INFO] [stdout] 
[INFO] [stdout] error[E0433]: failed to resolve: use of undeclared crate or module `complot`
[INFO] [stdout]   --> src/bin/main.rs:90:20
[INFO] [stdout]    |
[INFO] [stdout] 90 |             .yaxis(complot::Axis::new().label("FORCE [N]"))
[INFO] [stdout]    |                    ^^^^^^^ use of undeclared crate or module `complot`
[INFO] [stdout] 
[INFO] [stdout] 
[INFO] [stdout] error: aborting due to previous error
[INFO] [stdout] 
[INFO] [stdout] 
[INFO] [stdout] For more information about this error, try `rustc --explain E0432`.
[INFO] [stdout] 
[INFO] [stderr] error: could not compile `parse-monitors` (bin "batch_analysis") due to 2 previous errors
[INFO] [stderr] warning: build failed, waiting for other jobs to finish...
[INFO] [stdout] warning: 1 warning emitted
[INFO] [stdout] 
[INFO] [stdout] 
[INFO] [stdout] error[E0425]: cannot find value `WHITE` in this scope
[INFO] [stdout]   --> src/bin/telescope-pressure.rs:19:16
[INFO] [stdout]    |
[INFO] [stdout] 19 |     root.fill(&WHITE)?;
[INFO] [stdout]    |                ^^^^^ not found in this scope
[INFO] [stdout] 
[INFO] [stdout] 
[INFO] [stdout] error[E0433]: failed to resolve: use of undeclared type `BitMapBackend`
[INFO] [stdout]   --> src/bin/telescope-pressure.rs:18:16
[INFO] [stdout]    |
[INFO] [stdout] 18 |     let root = BitMapBackend::new("telescope-pressure.png", (1024, 1024)).into_drawing_area();
[INFO] [stdout]    |                ^^^^^^^^^^^^^ use of undeclared type `BitMapBackend`
[INFO] [stdout] 
[INFO] [stdout] 
[INFO] [stdout] warning: unused import: `indicatif::ParallelProgressIterator`
[INFO] [stdout]  --> examples/pressure.rs:2:5
[INFO] [stdout]   |
[INFO] [stdout] 2 | use indicatif::ParallelProgressIterator;
[INFO] [stdout]   |     ^^^^^^^^^^^^^^^^^^^^^^^^^^^^^^^^^^^
[INFO] [stdout]   |
[INFO] [stdout]   = note: `#[warn(unused_imports)]` on by default
[INFO] [stdout] 
[INFO] [stdout] 
[INFO] [stdout] warning: unused imports: `Mirror`, `MonitorsLoader`
[INFO] [stdout]  --> examples/pressure.rs:3:42
[INFO] [stdout]   |
[INFO] [stdout] 3 | use parse_monitors::{pressure::Pressure, Mirror, MonitorsLoader, Vector};
[INFO] [stdout]   |                                          ^^^^^^  ^^^^^^^^^^^^^^
[INFO] [stdout] 
[INFO] [stdout] 
[INFO] [stdout] error[E0599]: no function or associated item named `plot_this_forces` found for struct `parse_monitors::Monitors` in the current scope
[INFO] [stdout]   --> src/bin/main.rs:92:19
[INFO] [stdout]    |
[INFO] [stdout] 92 |         Monitors::plot_this_forces(&values, Some(plot));
[INFO] [stdout]    |                   ^^^^^^^^^^^^^^^^ function or associated item not found in `Monitors`
[INFO] [stdout] 
[INFO] [stdout] 
[INFO] [stdout] error[E0061]: this function takes 1 argument but 2 arguments were supplied
[INFO] [stdout]    --> examples/pressure.rs:38:25
[INFO] [stdout]     |
[INFO] [stdout] 38  |     let mut pressures = Pressure::<M12>::load(csv_pressure, csv_geometry)?;
[INFO] [stdout]     |                         ^^^^^^^^^^^^^^^^^^^^^             --------------
[INFO] [stdout]     |                                                           | |
[INFO] [stdout]     |                                                           | unexpected argument of type `String`
[INFO] [stdout]     |                                                           help: remove the extra argument
[INFO] [stdout]     |
[INFO] [stdout] note: associated function defined here
[INFO] [stdout]    --> /opt/rustwide/workdir/src/pressure/mirrors.rs:104:12
[INFO] [stdout]     |
[INFO] [stdout] 104 |     pub fn load(csv_pressure: String) -> Result<Self> {
[INFO] [stdout]     |            ^^^^
[INFO] [stdout] 
[INFO] [stdout] 
[INFO] [stdout] error: aborting due to 4 previous errors
[INFO] [stdout] 
[INFO] [stdout] 
[INFO] [stdout] Some errors have detailed explanations: E0433, E0599.
[INFO] [stdout] 
[INFO] [stdout] For more information about an error, try `rustc --explain E0433`.
[INFO] [stdout] 
[INFO] [stderr] error: could not compile `parse-monitors` (bin "main") due to 5 previous errors
[INFO] [stdout] error[E0599]: no method named `step` found for struct `std::ops::Range` in the current scope
[INFO] [stdout]   --> src/bin/telescope-pressure.rs:21:33
[INFO] [stdout]    |
[INFO] [stdout] 21 |     let xy_axis = (-18.0..18.0).step(0.5);
[INFO] [stdout]    |                                 ^^^^ method not found in `Range<{float}>`
[INFO] [stdout] 
[INFO] [stdout] 
[INFO] [stdout] error[E0599]: no method named `step` found for struct `std::ops::Range` in the current scope
[INFO] [stdout]   --> src/bin/telescope-pressure.rs:22:32
[INFO] [stdout]    |
[INFO] [stdout] 22 |     let z_axis = (-10.5..25.5).step(0.5);
[INFO] [stdout]    |                                ^^^^ method not found in `Range<{float}>`
[INFO] [stdout] 
[INFO] [stdout] 
[INFO] [stdout] error[E0433]: failed to resolve: use of undeclared type `ChartBuilder`
[INFO] [stdout]   --> src/bin/telescope-pressure.rs:24:21
[INFO] [stdout]    |
[INFO] [stdout] 24 |     let mut chart = ChartBuilder::on(&root)
[INFO] [stdout]    |                     ^^^^^^^^^^^^ use of undeclared type `ChartBuilder`
[INFO] [stdout] 
[INFO] [stdout] 
[INFO] [stdout] error[E0599]: no method named `pressure_map` found for struct `parse_monitors::pressure::Pressure` in the current scope
[INFO] [stdout]   --> examples/pressure.rs:55:15
[INFO] [stdout]    |
[INFO] [stdout] 55 |     pressures.pressure_map();
[INFO] [stdout]    |               ^^^^^^^^^^^^ help: there is a method with a similar name: `pressure_var`
[INFO] [stdout] 
[INFO] [stdout] 
[INFO] [stdout] warning: unused import: `rayon::prelude`
[INFO] [stdout]  --> examples/pressure.rs:4:5
[INFO] [stdout]   |
[INFO] [stdout] 4 | use rayon::prelude::*;
[INFO] [stdout]   |     ^^^^^^^^^^^^^^
[INFO] [stdout] 
[INFO] [stdout] 
[INFO] [stdout] error[E0425]: cannot find function, tuple struct or tuple variant `RGBColor` in this scope
[INFO] [stdout]   --> src/bin/telescope-pressure.rs:45:27
[INFO] [stdout]    |
[INFO] [stdout] 45 |                 let rgb = RGBColor(c.0, c.1, c.2);
[INFO] [stdout]    |                           ^^^^^^^^ not found in this scope
[INFO] [stdout] 
[INFO] [stdout] 
[INFO] [stdout] error[E0433]: failed to resolve: use of undeclared crate or module `complot`
[INFO] [stdout]    --> examples/pressure.rs:125:20
[INFO] [stdout]     |
[INFO] [stdout] 125 |         .collect::<complot::Scatter>();
[INFO] [stdout]     |                    ^^^^^^^ use of undeclared crate or module `complot`
[INFO] [stdout] 
[INFO] [stdout] 
[INFO] [stdout] error: aborting due to 3 previous errors; 3 warnings emitted
[INFO] [stdout] 
[INFO] [stdout] 
[INFO] [stdout] Some errors have detailed explanations: E0061, E0433, E0599.
[INFO] [stdout] 
[INFO] [stdout] For more information about an error, try `rustc --explain E0061`.
[INFO] [stdout] 
[INFO] [stdout] error: aborting due to 9 previous errors
[INFO] [stdout] 
[INFO] [stdout] 
[INFO] [stdout] Some errors have detailed explanations: E0425, E0432, E0433, E0599.
[INFO] [stdout] 
[INFO] [stdout] For more information about an error, try `rustc --explain E0425`.
[INFO] [stdout] 
[INFO] [stderr] error: could not compile `parse-monitors` (example "pressure") due to 4 previous errors; 3 warnings emitted
[INFO] [stderr] error: could not compile `parse-monitors` (bin "telescope-pressure" test) due to 10 previous errors
[INFO] running `Command { std: "docker" "inspect" "3ee941075d0955c12e8476cd97eb8365cbc4cc8ff8831c832dbc6b50f7021914", kill_on_drop: false }`
[INFO] running `Command { std: "docker" "rm" "-f" "3ee941075d0955c12e8476cd97eb8365cbc4cc8ff8831c832dbc6b50f7021914", kill_on_drop: false }`
[INFO] [stdout] 3ee941075d0955c12e8476cd97eb8365cbc4cc8ff8831c832dbc6b50f7021914
